(-77)/(-33). Calculate the greatest common factor of 8365 and p.
35
Let c = 6920 + -3565. Calculate the highest common factor of 110 and c.
55
Let h(x) = x**3 - 24*x + 73. Let p be h(10). Suppose -21 = -6*j + 2*f + p, -f = 1. Calculate the highest common factor of j and 355.
71
Let z = -9 + 9. Let q be (1/(-3))/((-4)/(-12)) + z. Let j be (-12)/(-24)*(q + 25). Calculate the highest common factor of 8 and j.
4
Let l(g) = g**2 + 12*g - 11. Let j be l(-13). Suppose -k + j*x + 131 = 0, 0*x = k - 3*x - 130. What is the highest common factor of 7 and k?
7
Suppose -5*y - 25571 = -35*y + 1069. Calculate the greatest common divisor of 5661 and y.
111
Let y(i) = -10*i**2 - 6*i - 14. Let l(d) = -17*d**2 - 12*d - 27. Let u(o) = -3*l(o) + 5*y(o). Let g be u(-5). What is the highest common divisor of g and 6?
6
Suppose a + 313 = -3*c, 6*a = c + 4*a + 102. Let k = -100 - c. Calculate the greatest common factor of 108 and k.
4
Let q(w) = -w**3 + 19*w**2 + 10*w - 208. Let p be q(8). What is the highest common factor of p and 99?
9
Let d = 518 - 265. Calculate the highest common factor of 989 and d.
23
Let f(c) = -c + 3. Let b be f(-3). Let h be (-57)/1216*8*-152. What is the highest common divisor of h and b?
3
Suppose -4*o + 5*s = 13, 0 = -7*s + 3*s + 4. Let j be 1/(41/20 + o). Let v = -8 + j. Calculate the greatest common divisor of 12 and v.
12
Suppose -2*g - 29 = -x, -625*g + 627*g - 15 = -3*x. Let l(u) = 50*u**2 + 3. Let p be l(4). What is the greatest common factor of x and p?
11
Let d = -5338 + 5357. Let x = -3 - 0. Let k be 1/x + (-24)/(-18). Calculate the greatest common divisor of k and d.
1
Suppose -2*j + 5*j - 70 = -5*n, -n = 5*j - 80. Let z = -85 + 91. Calculate the highest common factor of j and z.
3
Let w(h) = -5*h + 2. Let i be w(-2). Let q be i/10*(-120)/9. Let z = 31 + q. What is the greatest common factor of 165 and z?
15
Let r(i) = 6*i**3 - 8*i**2 - 18*i + 115. Let j be r(6). Calculate the greatest common factor of j and 2233.
203
Let w = 632 + -908. Let s = 36 - w. What is the greatest common divisor of 39 and s?
39
Suppose 3*h - 15 = 5*r - 0*h, 4*h + 14 = r. Let t(u) = -9*u - 28. Let g be t(r). What is the greatest common factor of g and 39?
13
Suppose -2*z + 0*h - 5*h = -39, 2*z - 33 = -3*h. Let i(m) = 117*m + 3. Let a be i(2). Suppose 6*f - a = 771. What is the highest common factor of f and z?
12
Let m be (601 - 96/(-8)) + (4/2)/(-1). Calculate the greatest common divisor of 1081 and m.
47
Suppose 0 = -3*d + 4*t + 26, -2*d = 3*t - 6*t - 16. Suppose 0 = 2*y - 2*q - 2*q - 824, 5*y - q - 2033 = 0. Calculate the greatest common divisor of d and y.
14
Let r(k) = -1037*k**3 + 5*k**2 - 15*k - 17. Let q be r(-1). What is the greatest common factor of 70 and q?
10
Let s(y) = -7*y**2 - 56*y + 1323. Let c be s(0). What is the highest common factor of 252 and c?
63
Let o(l) = 205*l. Let k be o(5). Suppose -6*w - 222 = 11*w - 919. What is the highest common divisor of k and w?
41
Let a(t) = -20*t - 47. Let c be a(-21). Let r = c + -356. What is the highest common divisor of r and 323?
17
Suppose 26425 = 2913*r - 2906*r. Calculate the highest common divisor of 25 and r.
25
Suppose -75*l + 72*l - 348 = -3*h, -2*l + 252 = 2*h. Calculate the highest common divisor of h and 1826.
11
Suppose -5*i - 10 = 0, 0 = 2*z - i + 6*i - 142. Calculate the greatest common factor of 1311 and z.
19
Suppose 0 = -m + 5, -2*m - 169 + 1039 = 5*w. Calculate the greatest common divisor of 1075 and w.
43
Let a = -225 - -225. Suppose 10*j - 70 = -a*j. Let p(o) = 6*o**2 - 2*o - 4. Let w be p(-3). Calculate the highest common divisor of w and j.
7
Suppose 5*o - 59 = q + 66, 0 = 5*o + 2*q - 140. Let s be 2/11 + (-8560)/(-110). Calculate the greatest common divisor of s and o.
26
Let k = -9267 + 10579. What is the highest common divisor of 512 and k?
32
Let u = 136 + -124. Suppose 25*g - u*g = 390. Calculate the highest common factor of g and 10.
10
Suppose 2*s - 150 = -384. Let y be -4*((1 - 1) + s/6). Let o be ((-14)/3)/(((-4)/y)/1). What is the greatest common divisor of 13 and o?
13
Suppose 147*a + 37908 = 201*a. What is the greatest common divisor of 312 and a?
78
Let l = -195 + 279. Let g = -201 + 202. Suppose -5*a + 205 = -i, g = i - 4. Calculate the highest common factor of a and l.
42
Suppose 37*b = 153*b - 37004. What is the highest common factor of 145 and b?
29
Suppose i - 4*h + 26 = 0, 9274*i - 9271*i + 3*h - 27 = 0. Let v be ((-47)/(-2))/((-1)/(-4)). What is the greatest common factor of v and i?
2
Let p be (-46)/3 - (-2)/6. Let q(y) be the second derivative of -y**3/2 - 19*y**2 - 6*y + 70. Let x be q(p). What is the highest common divisor of 56 and x?
7
Suppose l + 188 = 595. Let r(h) = 13*h - 128. Let p be r(16). Suppose 0 = 5*n - p - 105. Calculate the greatest common factor of l and n.
37
Suppose 278*t = 79*t + 525161. Calculate the highest common divisor of 208 and t.
13
Let n = -107671 + 107689. Suppose p + r = 46, 4*p - 171 = 5*r - 23. What is the greatest common divisor of n and p?
6
Let a(d) = -110*d - 2686. Let q be a(-89). What is the greatest common factor of 222 and q?
222
Suppose 3*r - 41956 - 59351 = -3*f, -2*r - 3*f + 67545 = 0. What is the highest common divisor of r and 102?
102
Let x be (1083/627 + (-9)/(-33))/(2/24). What is the greatest common divisor of 2316 and x?
12
Let g be 2/5 + ((-594)/2475)/((-6)/140). Suppose 0 = -4*b - 0*b + 200. What is the highest common divisor of g and b?
2
Suppose -23*d = 38*d - 95*d + 108188. Calculate the greatest common factor of 74 and d.
74
Let m(z) = -7*z**2 - 2. Let d be m(4). Let p = d + 114. Suppose p = -h + 11 + 144. What is the greatest common factor of 62 and h?
31
Let y(b) = -25*b**3 - 7*b**2 - 7*b - 4. Suppose 5*u = 2*v - 11, -4*v + 7*v + 4*u + 18 = 0. Let t be y(v). Calculate the highest common divisor of 39 and t.
13
Suppose -2*l + 3*l = 2*b + 8, -3 = 3*b. Let c be 1096/l - 14/21. Let w = c - 130. Calculate the greatest common factor of 26 and w.
26
Let j = -3290 - -3550. Calculate the greatest common divisor of j and 580.
20
Let b(y) = y**2 - 9*y - 8. Let n be b(7). Let i = n - -36. Let x = -186 + 214. What is the highest common divisor of x and i?
14
Let y(t) = 481*t + 76. Let h be y(2). What is the greatest common divisor of 24 and h?
6
Let s(p) = p - 13. Let v be s(12). Let y(j) = -43*j**3 + 3*j + 4. Let b be y(v). Let m = b + 0. What is the highest common factor of m and 11?
11
Let c = 71 + -65. Let q be (256/32)/(4/c). Suppose -99 = 2*k - 267. Calculate the highest common factor of q and k.
12
Suppose -948*d + 18 = -942*d. Suppose p - 60 = d*r - 4*r, 5*r - 238 = -4*p. Calculate the highest common factor of 341 and p.
31
Let f be 4480 + ((-1180)/140 - 6/(-14)). Calculate the highest common divisor of 258 and f.
86
Suppose 0 = 4*m + 499*c - 494*c - 219969, 4*c + 164938 = 3*m. What is the highest common divisor of m and 38?
38
Let h = 283 - 282. Let o be (3*-7)/((-6)/4). Suppose o = y + h. What is the greatest common factor of 13 and y?
13
Suppose -53*d = 632 - 4077. Calculate the greatest common divisor of 25 and d.
5
Let u(f) = -f**3 - 7*f**2 - 4*f + 12. Let w be 21/(-3)*((-2)/(-1))/2. Let t be u(w). Suppose 0*g + g = t. Calculate the greatest common factor of g and 10.
10
Suppose -10*g + 1720 = 10*g - 160. What is the greatest common divisor of 22 and g?
2
Let i(z) = 2*z**2 + 136*z + 610. Let x be i(-4). What is the highest common divisor of x and 14357?
49
Suppose 4*n = 5*t - 28957, 6*n + 44898 = 5*t + 15955. What is the highest common divisor of t and 22?
11
Let b(f) = -3*f - 38. Let s be b(-18). Suppose -2*z + 13 = 1. Suppose -64 = -z*q + 2*q. What is the greatest common factor of q and s?
16
Let i be 1/(12 - 7) - ((-4734)/5 + 1). What is the highest common divisor of i and 1376?
86
Let u(y) = 6*y**3 - 15*y**2 + 22*y - 2. Let c be u(2). Suppose c*v - 12*v = 378. Let t be 1844/8 - (-1)/2. Calculate the greatest common factor of v and t.
21
Let c = -532 - -617. Suppose -84*j = -c*j + 6. What is the greatest common factor of j and 27?
3
Let m(d) = 16*d - 70. Let u be m(7). Suppose 7*n - u = 357. Let i = -13 - -32. What is the highest common divisor of i and n?
19
Let o = 4216 - 4168. Calculate the highest common factor of o and 47280.
48
Let s be ((-4407)/(-452))/((-11)/12 + 1). Calculate 